s) = 3*s + 39. What is c(-7)?
18
Let s(o) = o**3 - 7*o**2 - 6*o - 10. What is s(8)?
6
Let g(u) = u**3 - 10*u**2 + 7*u - 3. What is g(9)?
-21
Let a(p) = 10*p + 545. Calculate a(-54).
5
Let a(s) = 2*s**3 + 7*s**2 - 48*s - 170. Give a(-4).
6
Let p(t) = t**2 - 16*t + 12. Give p(15).
-3
Let a(d) = -d**3 + 6*d**2 + 10*d - 12. What is a(7)?
9
Let y(t) = -2*t**2 - 21*t + 20. Calculate y(-13).
-45
Let y(c) = -2*c + 19. What is y(12)?
-5
Let x(i) = -4*i + 32. Determine x(-8).
64
Let s(y) = -24*y + 1. Calculate s(1).
-23
Let y(u) = u**2 - u + 29. Calculate y(0).
29
Let b(r) = r**3 - 4*r**2 + 4. Determine b(3).
-5
Let m(f) = 4*f + 3. Determine m(-3).
-9
Let j(o) = -o**2 + 8*o - 3. Give j(9).
-12
Let c(d) = 2*d**2 + 21*d + 17. Calculate c(-9).
-10
Let z(b) = 99*b**2 + 3*b - 3. What is z(1)?
99
Let n(a) = -a**2 + 7*a + 49. What is n(12)?
-11
Let d(m) = m**3 - 11*m**2 - 29*m + 45. Determine d(13).
6
Let p(w) = -3*w + 1. What is p(1)?
-2
Let s(f) = 5*f - 49. Give s(6).
-19
Let d(s) = s**2 - 15*s + 38. Give d(11).
-6
Let m(b) = b**2 + 12*b + 28. Determine m(-7).
-7
Let l(z) = -z**2 - 3*z. What is l(-4)?
-4
Let o(f) = -17*f - 50. Determine o(-6).
52
Let h(f) = f**3 + 18*f**2 + 54*f - 34. Give h(-14).
-6
Let r(i) = -37*i - 155. Determine r(-4).
-7
Let i(o) = o**3 - o - 1. Determine i(2).
5
Let c(a) = 2*a**3 + 34*a**2 - 37*a - 3. Calculate c(-18).
15
Let c(p) = -24*p + 7. Determine c(0).
7
Let y(m) = 5*m + 2. Give y(3).
17
Let k(l) = 5*l - 74. What is k(16)?
6
Let g(u) = -2*u**2 + 35*u - 22. Give g(16).
26
Let x(b) = 2*b**2 + 12*b - 39. What is x(-8)?
-7
Let x(d) = d**3 + 7*d**2 + 7*d + 12. What is x(-4)?
32
Let m(l) = l**2 + 6*l + 8. What is m(-5)?
3
Let k(j) = j**3 + 7*j**2 - 15*j + 29. Calculate k(-9).
2
Let c(s) = -s**3 - 6*s**2 - 3*s - 12. Give c(-6).
6
Let u(i) = 23*i + 2. Give u(2).
48
Let i(l) = -18*l + 79. Determine i(8).
-65
Let c(a) = -a - 15. Give c(-8).
-7
Let k(s) = 3*s + 6. Determine k(-3).
-3
Let u(i) = i**2 - 6*i - 4. What is u(8)?
12
Let p(b) = -b**3 + 4*b**2 - 3*b + 37. Determine p(5).
-3
Let n(t) = -t**3 - 32. Determine n(0).
-32
Let a(u) = -u**2 - 2*u - 2. Determine a(-2).
-2
Let t(d) = d**2 - 10*d - 95. Determine t(15).
-20
Let w(h) = -2*h**2 + 19*h - 9. What is w(8)?
15
Let r(t) = 39*t - 5. Calculate r(1).
34
Let z(j) = -j**2 + 2*j + 3. Calculate z(-2).
-5
Let n(f) = -f - 10. What is n(17)?
-27
Let m(n) = n**3 + 2*n**2 - 9*n - 1. Calculate m(-4).
3
Let u(x) = -x + 7. Calculate u(-16).
23
Let z(g) = 35*g**3 - 5*g**2 + g. What is z(1)?
31
Let i(c) = 2*c - 4. Determine i(-5).
-14
Let n(g) = 5*g + 11. Give n(-9).
-34
Let a(c) = c**3 - 9*c**2 + 9*c - 7. What is a(7)?
-42
Let j(w) = 129*w**2 - 645*w - 6. What is j(5)?
-6
Let v(p) = -29*p. Give v(1).
-29
Let t(f) = -2*f**3 + 4*f**2 - 3*f + 1. Determine t(3).
-26
Let c(o) = o**3 + 6*o**2 + 5*o - 9. What is c(-5)?
-9
Let h(r) = -r**3 + 6*r**2 + 2*r + 7. Give h(3).
40
Let g(c) = 2*c**2 - 51*c + 26. Give g(25).
1
Let m(b) = b**2 - 7*b + 20. Give m(4).
8
Let f(h) = 5*h - 31. Determine f(26).
99
Let m(y) = y**2 - 20*y + 71. Give m(5).
-4
Let t(a) = -a**3 - 3*a**2 - 3*a - 3. What is t(-2)?
-1
Let q(j) = 5*j - 4. Determine q(-7).
-39
Let q(z) = z**2 - 19*z + 39. Give q(17).
5
Let s(o) = -4*o**2 - 25*o - 46. Calculate s(-5).
-21
Let c(a) = -2*a - 7. Determine c(0).
-7
Let j(w) = -w**2 + 14*w - 11. What is j(8)?
37
Let x(w) = -2*w + 27. Determine x(15).
-3
Let i(j) = j**2 - 18*j - 86. Determine i(22).
2
Let w(u) = -4*u + 78. Determine w(19).
2
Let c(h) = h**2 - 2*h + 41. Calculate c(0).
41
Let x(v) = 3*v**2 - 17*v + 4. What is x(5)?
-6
Let u(z) = z**3 + 5*z**2 - 7*z. Give u(-6).
6
Let r(y) = y**2 - 19*y - 7. Calculate r(14).
-77
Let b(r) = r**2 + 4*r + 1. Give b(-5).
6
Let q(u) = -28*u - 515. Calculate q(-18).
-11
Let y(b) = -7*b - 52. What is y(-9)?
11
Let d(h) = 4*h**2 + 7*h + 17. What is d(-3)?
32
Let f(i) = -3*i - 9. What is f(1)?
-12
Let y(g) = g - 14. Calculate y(-11).
-25
Let g(l) = 58*l - 292. Give g(5).
-2
Let u(x) = -x**2 - 2*x + 2. Give u(2).
-6
Let c(j) = -j**3 - 4*j**2 - 6*j - 5. Give c(-4).
19
Let x(m) = 3*m**2 + m - 6. Calculate x(2).
8
Let n(b) = 9*b - 96. Determine n(11).
3
Let g(d) = -d**2 + 9*d + 9. Determine g(8).
17
Let f(k) = -k**2 - 8*k + 66. Give f(-15).
-39
Let z(w) = -4*w**2 + 32*w + 8. Determine z(8).
8
Let g(s) = s + 1. Calculate g(-3).
-2
Let j(d) = -4*d**2 - 1. Determine j(-2).
-17
Let i(b) = b**2 + 20*b + 11. Calculate i(-19).
-8
Let c(l) = -l**3 + 8*l**2 - 5*l - 7. Determine c(6).
35
Let z(s) = -s**3 - 25*s**2 + 56*s - 1. Calculate z(2).
3
Let y(b) = b**2 + 22*b - 7. Give y(-16).
-103
Let y(x) = -x - 4. What is y(0)?
-4
Let p(z) = 2*z**3 + z**2 + 3*z - 5. Calculate p(2).
21
Let l(i) = 2*i - 7. What is l(-6)?
-19
Let z(p) = -3*p + 46. Give z(17).
-5
Let c(w) = -3*w**2 - 17*w - 57. Calculate c(-3).
-33
Let m(l) = l**3 - 2*l**2 - 6*l + 4. What is m(2)?
-8
Let x(o) = o**2 + 25*o - 97. Calculate x(-28).
-13
Let i(g) = g**2 - 4*g. Give i(2).
-4
Let z(v) = -12*v**2 - 6*v - 1. What is z(3)?
-127
Let m(r) = 3*r**2 - 9*r. Determine m(5).
30
Let t(a) = -a**3 - 6*a**2 + 8*a + 15. Calculate t(-7).
8
Let z(d) = d**2 + 14*d - 8. Determine z(-15).
7
Let t(q) = 47*q - 1. Determine t(1).
46
Let z(h) = -h**3 - 9*h**2 + 14*h + 2. Calculate z(-10).
-38
Let c(v) = 6*v + 14. Calculate c(1).
20
Let g(l) = 2*l**3 - 2*l - 1. Determine g(-1).
-1
Let v(a) = -18*a + 12. Calculate v(5).
-78
Let z(l) = l**2 - 5*l - 11. Calculate z(6).
-5
Let c(l) = -l**3 + 17*l**2 - 32*l + 35. Calculate c(15).
5
Let p(t) = -7*t + 8. Give p(6).
-34
Let f(n) = 3*n**3 - 12*n**2 - 2*n + 5. Give f(4).
-3
Let g(v) = -5*v + 87. Give g(15).
12
Let l(s) = -s - 4. Determine l(-12).
8
Let p(i) = -i**2 - 4*i - 1. Give p(-4).
-1
Let f(o) = -o**2 - 4*o. What is f(-4)?
0
Let s(l) = -4*l - 4. Give s(-8).
28
Let x(h) = -h - 17. Calculate x(-11).
-6
Let f(u) = -u**2 - 2*u + 57. What is f(-8)?
9
Let u(a) = 5*a**2 - 3*a + 1. Give u(1).
3
Let a(w) = -w**2 + 4*w. Determine a(3).
3
Let d(q) = q**3 - 5*q**2 + 5*q + 1. Calculate d(4).
5
Let u(s) = 2*s**2 + 3*s + 3. Determine u(-3).
12
Let o(r) = -120*r**3 - 2*r + 3. Determine o(1).
-119
Let z(q) = -2*q**2 - q + 1. What is z(-4)?
-27
Let c(v) = -2*v**3 - v**2 - 59*v - 121. What is c(-2)?
9
Let i(p) = 4*p - 33. Calculate i(6).
-9
Let k(n) = n**2 - 3*n. Determine k(6).
18
Let n(b) = b - 19. Calculate n(17).
-2
Let x(p) = 6*p + 36. What is x(-8)?
-12
Let a(i) = 9*i + 21. Give a(-14).
-105
Let y(j) = -2*j**3 - 43*j**2 - 13*j + 169. Determine y(-21).
1
Let x(v) = v**3 - 4*v**2 + 3*v - 1. What is x(2)?
-3
Let i(x) = x**3 - 2*x**2 - 7*x - 8. Determine i(4).
-4
Let g(p) = p - 23. What is g(22)?
-1
Let w(u) = -2*u + 16. Determine w(5).
6
Let z(w) = -w**3 - 18*w**2 + 17*w - 29. Calculate z(-19).
9
Let u(y) = y**2 + 2*y - 10. Determine u(-8).
38
Let x(k) = k**2 + 3*k - 6. What is x(-5)?
4
Let b(p) = p**3 - 7*p**2 + p + 38. What is b(6)?
8
Let a(k) = 8*k + 32. What is a(-7)?
-24
Let x(j) = 2*j**2 + 9*j + 3. Give x(-4).
-1
Let a(s) = s**3 - 47*s**2 - 152*s + 95. What is a(50)?
-5
Let m(d) = -d**2 - 26*d - 88. Determine m(-21).
17
Let d(x) = 12*x - 132. Determine d(10).
-12
Let b(j) = -81*j**3 + j**2 - 2*j - 2. Calculate b(-1).
82
Let d(y) = -6*y - 21. What is d(-6)?
15
Let k(v) = v**3 + 7*v**2 - v + 14. What is k(-8)?
-42
Let n(x) = -x**3 - 13*x**2 - 13*x - 3. Calculate n(-11).
-102
Let m(s) = -2*s**2 + 8*s - 17. Determine m(4).
-17
Let j(h) = -h**3 + 3*h**2 + 3*h + 2. What is j(4)?
-2
Let c(u) = -u + 1. Calculate c(3).
-2
Let u(q) = -5*q + 134. Determine u(26).
4
Let m(s) = 4*s + 3. What is m(-5)?
-17
Let z(b) = -2*b**2 - 17*b - 40. Determine z(-4).
-4
Let k(n) = 4*n + 17. What is k(-7)?
-11
Let n(c) = c**3 - 22*c**2 + 39*c + 49. What is n(20)?
29
Let o(p) = p**2 + 26*p + 3. What is o(-26)?
3
Let b(x) = x - 2. Give b(4).
2
Let n(z) = -9*z**3 - z. Give n(1).
-10
Let h(q) = -2*q - 4. What is h(-7)?
10
Let j(f) = -11*f**3 - 4*f**2 - f + 1. Determine j(1).
-15
Let w(x) = -x**2 - 2*x + 2. Give w(-3).
-1
Let l(v) = v**3 - 10*v**2 + 10*v - 14. Calculate l(9).
-5
Let p(y) = y**2 - 3*y - 2. Determine p(3).
-2
Let a(f) = f + 9. Determine a(0).
9
Let f(p) = -p**2 + 2*p + 7. Give f(-5).
-28
Let v(s) = -s**2 - 3*s + 6. What is v(-3)?
6
Let z(t) = t**2 + 6*t + 7. What is z(-4)?
-1
Let a(m) = -m**2 - 4*m + 17. Calculate